ue
Is 185 composite?
True
Is 10037 a composite number?
False
Is 5971 composite?
True
Is 22541 a composite number?
False
Is 89173 a prime number?
False
Is 156413 a prime number?
False
Is 128549 a prime number?
True
Is 26813 composite?
False
Is 408745 composite?
True
Is 72023 composite?
True
Is 51055 prime?
False
Is 1798519 a composite number?
False
Is 114041 composite?
False
Is 85427 composite?
False
Is 244537 composite?
True
Is 10779 a composite number?
True
Is 4408903 a composite number?
False
Is 8623 prime?
True
Is 4283 composite?
False
Is 39687 a prime number?
False
Is 233083 a composite number?
False
Is 2231 a composite number?
True
Is 1201 a prime number?
True
Is 65207 a composite number?
True
Is 446 composite?
True
Is 611467 composite?
False
Is 44909 a prime number?
True
Is 15629 a prime number?
True
Is 12421 prime?
True
Is 54079 a prime number?
False
Is 389009 prime?
False
Is 251387 prime?
True
Is 10771 prime?
True
Is 11855 a prime number?
False
Is 416147 prime?
True
Is 1397 a composite number?
True
Is 1771657 a prime number?
True
Is 2902 prime?
False
Is 191099 a prime number?
True
Is 3499 prime?
True
Is 1640689 composite?
False
Is 143285 composite?
True
Is 8747 prime?
True
Is 15427 composite?
False
Is 13001 a prime number?
True
Is 594967 prime?
False
Is 112829 a prime number?
False
Is 26153 a composite number?
False
Is 1503743 a composite number?
True
Is 523747 composite?
True
Is 1228309 a prime number?
True
Is 269162 prime?
False
Is 51457 prime?
False
Is 25503 a composite number?
True
Is 75907 prime?
False
Is 992357 composite?
False
Is 865 composite?
True
Is 202729 prime?
True
Is 4306 a prime number?
False
Is 6007 a prime number?
True
Is 829273 composite?
False
Is 15089 a prime number?
False
Is 47041 prime?
True
Is 2333 composite?
False
Is 628853 prime?
False
Is 212726 composite?
True
Is 1669 composite?
False
Is 192467 a composite number?
True
Is 1259 a composite number?
False
Is 376541 a composite number?
True
Is 111563 a composite number?
True
Is 241091 a prime number?
False
Is 1834295 a prime number?
False
Is 59054 a composite number?
True
Is 398527 a prime number?
False
Is 4189129 a composite number?
True
Is 9298 a prime number?
False
Is 580513 a prime number?
True
Is 3421 a composite number?
True
Is 83107 composite?
True
Is 1871015 a composite number?
True
Is 1372901 a prime number?
False
Is 46031 a prime number?
False
Is 55997 a composite number?
False
Is 278009 a prime number?
False
Is 24547 a prime number?
True
Is 383573 a prime number?
True
Is 10967 a prime number?
False
Is 7297 prime?
True
Is 44053 a prime number?
True
Is 12889 a prime number?
True
Is 1889557 prime?
False
Is 2098 prime?
False
Is 78041 a prime number?
True
Is 40151 a prime number?
True
Is 1863259 composite?
True
Is 72547 a composite number?
False
Is 17467 a prime number?
True
Is 128423 prime?
False
Is 20459 a composite number?
True
Is 2459 a composite number?
False
Is 1211413 a prime number?
False
Is 151691 a composite number?
True
Is 90499 a composite number?
False
Is 69571 a composite number?
True
Is 256501 prime?
False
Is 1761 a prime number?
False
Is 34211 a prime number?
True
Is 147403 a composite number?
True
Is 65921 prime?
True
Is 214433 a prime number?
True
Is 29363 composite?
False
Is 37721 a composite number?
True
Is 79103 composite?
False
Is 99487 prime?
True
Is 20807 a composite number?
False
Is 20621 a prime number?
False
Is 127997 prime?
True
Is 2453 a prime number?
False
Is 254083 a composite number?
False
Is 5519 prime?
True
Is 17429 prime?
False
Is 488489 a composite number?
True
Is 305645 composite?
True
Is 124067 a composite number?
False
Is 200077 a prime number?
False
Is 34831 a composite number?
True
Is 2987 composite?
True
Is 98989 a composite number?
True
Is 45949 prime?
True
Is 94981 composite?
True
Is 323071 prime?
False
Is 19339 composite?
True
Is 17337 a prime number?
False
Is 168599 a prime number?
True
Is 24397 composite?
True
Is 77951 a composite number?
False
Is 6559 composite?
True
Is 83969 a prime number?
True
Is 10623 prime?
False
Is 20693 prime?
True
Is 1762 prime?
False
Is 1339637 composite?
True
Is 262937 a prime number?
True
Is 2509 prime?
False
Is 127173 a composite number?
True
Is 8641 a prime number?
True
Is 15977 composite?
True
Is 70693 a prime number?
False
Is 18899 a prime number?
True
Is 10483 prime?
False
Is 48973 a prime number?
True
Is 10513 composite?
False
Is 5469 composite?
True
Is 2238541 composite?
True
Is 28873 prime?
False
Is 14377 composite?
True
Is 468527 a composite number?
False
Is 61195 prime?
False
Is 91 composite?
True
Is 17269 composite?
True
Is 32713 a composite number?
False
Is 53989 composite?
True
Is 30949 a composite number?
False
Is 941 a composite number?
False
Is 25649 a composite number?
True
Is 17663 a prime number?
False
Is 15467 a prime number?
True
Is 1823 composite?
False
Is 74546 prime?
False
Is 95379 composite?
True
Is 14253 a prime number?
False
Is 330199 prime?
True
Is 1071131 composite?
False
Is 20261 composite?
False
Is 5701 prime?
True
Is 1261217 a composite number?
False
Is 19373 a composite number?
False
Is 278519 a composite number?
True
Is 18269 prime?
True
Is 226 a prime number?
False
Is 62861 a composite number?
False
Is 213119 a prime number?
True
Is 9127 a composite number?
False
Is 130297 a prime number?
False
Is 37153 composite?
True
Is 128393 prime?
True
Is 907 composite?
False
Is 2053 prime?
True
Is 318731 composite?
True
Is 142657 composite?
False
Is 132911 composite?
False
Is 15721 a prime number?
False
Is 50627 a prime number?
True
Is 1411 prime?
False
Is 137827 a prime number?
True
Is 2489 composite?
True
Is 89189 composite?
False
Is 8203 prime?
False
Is 79801 composite?
False
Is 202115 a prime number?
False
Is 339997 a prime number?
False
Is 10799 composite?
False
Is 162119 a prime number?
True
Is 20789 a composite number?
False
Is 72139 composite?
False
Is 14419 composite?
False
Is 303503 a prime number?
False
Is 283369 a composite number?
False
Is 321007 a composite number?
False
Is 557833 composite?
True
Is 306469 prime?
False
Is 1253527 a composite number?
True
Is 5261 prime?
True
Is 566413 a prime number?
True
Is 118147 a prime number?
True
Is 57947 a composite number?
False
Is 45281 prime?
True
Is 270497 a prime number?
False
Is 72595 composite?
True
Is 24889 composite?
False
Is 211 a composite number?
False
Is 9803 a composite number?
False
Is 485 composite?
True
Is 2302 a composite number?
True
Is 8509 composite?
True
Is 1916999 a composite number?
True
Is 12197 prime?
True
Is 315517 a composite number?
False
Is 7699 a composite number?
False
Is 3659 a composite number?
False
Is 269513 a prime number?
True
Is 1375931 composite?
True
Is 31103 a composite number?
True
Is 206177 a composite number?
False
Is 668749 prime?
False
Is 426813 a composite number?
True
Is 117071 a composite number?
False
Is 213117 prime?
False
Is 1409 a composite number?
False
Is 192189 prime?
False
Is 964531 composite?
False
Is 4806821 a composite number?
False
Is 112003 a composite number?
True
Is 424129 a composite number?
False
Is 3825227 a composite number?
True
Is 16993 a prime number?
True
Is 294629 composite?
False
Is 11903 composite?
False
Is 399005 a composite number?
True
Is 12269 composite?
False
Is 797583 a composite number?
True
Is 17971 a prime number?
True
Is 3138469 composite?
False
Is 47737 a prime number?
True
Is 9017 prime?
False
Is 246794 a composite number?
True
Is 24314 composite?
True
Is 4327 prime?
True
Is 974531 composite?
False
Is 195577 a composite number?
True
Is 289463 a composite number?
False
Is 454183 composite?
False
Is 115459 prime?
True
Is 33457 prime?
True
Is 724079 composite?
False
Is 12193 prime?
False
Is 1357 composite?
True
Is 437629 a composite number?
False
Is 10669 composite?
True
Is 20841 a prime number?
False
Is 35617 a prime number?
True
Is 665961 a composite number?
True
Is 120349 composite?
False
Is 18481 composite?
False
Is 226 composite?
True
Is 871 a composite number?
True
Is 422857 a composite number?
False
Is 4721 a prime number?
True
Is 2218 prime?
False
Is 306883 a composite number?
False
Is 145 a prime number?
False
Is 104479 composite?
False
Is 219803 composite?
True
Is 161869 composite?
False
Is 44353 composite?
T